 + n + 122, 7 = 2*y - 2*n - 69. Calculate the highest common divisor of 672 and y.
42
Let h be (-70)/(-5) + -1 + 1. Let q be (-21)/h*26/(-3). Let f = q - -3. Calculate the highest common factor of f and 128.
16
Let g be 550/14 + 18/(-63). Let v(r) = r + 12. Let k be v(-6). Suppose 201 = k*t + g. Calculate the highest common divisor of t and 27.
27
Suppose 0*p = 9*p - 18. What is the highest common divisor of 106 and p?
2
Let h = -10 - -15. Suppose -3*y - 4*j + 5*j + 20 = 0, 0 = 5*y + h*j. Suppose 0 = -4*x + 3 + y. What is the greatest common factor of 6 and x?
2
Suppose -5*p = 5*q - 53 - 127, -2*p = 5*q - 84. Calculate the greatest common divisor of 736 and p.
32
Let n = -45 - -3. Let p = n + 54. Let l be 0 - (-1)/((-2)/(-60)). What is the greatest common divisor of l and p?
6
Let w = -1033 - -1048. Calculate the highest common divisor of 1095 and w.
15
Let y = -3125 - -5016. Calculate the greatest common divisor of y and 62.
31
Let p = 23 + -21. Let b = p - -22. Calculate the greatest common factor of b and 96.
24
Let h(v) = 10 + v - 3*v + 11*v + 0*v. Let l be h(2). What is the highest common divisor of l and 7?
7
Let i(f) = 3*f**2 - f - 2. Let b be i(-3). Let p = -168 - -336. Suppose -p = -15*o + 3*o. Calculate the greatest common divisor of o and b.
14
Let f be 4 + (-10717)/(-77) - 2/11. What is the highest common factor of f and 11?
11
Suppose -4*h - 21277 = -8*h + 3*b, 2*h - 10641 = -b. What is the greatest common factor of 14 and h?
14
Suppose 4*g - 3*h - 5 = -0*g, 1 = 2*g - 3*h. Let i be -1 - ((-2)/g)/(4/8). What is the greatest common divisor of 4 and i?
1
Suppose -16*j + 13724 = 3308. What is the greatest common factor of j and 93?
93
Let q(b) = b**2 - 3*b + 22. Let v be q(7). What is the highest common factor of 250 and v?
50
Let q be (-2 + (-14)/(-5))*5. Let t(c) = -128*c**2 - 3*c + 1. Let f be t(1). Let v be (4/10)/((-13)/f). What is the highest common divisor of v and q?
4
Let q(s) = 11*s + 20. Let g(i) = 4*i + 0 + 11 - 4. Let y(l) = -17*g(l) + 6*q(l). Let v be y(-2). Calculate the greatest common divisor of 40 and v.
5
Suppose -48 = -q + 27. Suppose 740 = 79*a - q*a. What is the highest common divisor of 37 and a?
37
Let n(b) be the third derivative of 7*b**4/12 - 6*b**2. Let j be n(9). Calculate the highest common factor of j and 14.
14
Let a = 9 - -115. Suppose -3*z = -5*l + 285, 0 = -3*l + z + 47 + a. Calculate the highest common divisor of l and 38.
19
Suppose -5*p = 2*m - 1456, -22*p + 17*p + 3*m = -1441. What is the highest common divisor of 20 and p?
10
Suppose -77 = 3*s - 287. Let t(v) = 4*v**2 - v**3 + 3*v + 5*v - 3*v + 10. Let d be t(5). Calculate the highest common divisor of d and s.
10
Suppose 21*m - 1064 = 13*m. Calculate the greatest common factor of m and 38.
19
Let q(r) = r**3 + 12*r**2 + 9*r + 13. Let a be q(-11). Let o = a + -27. Calculate the highest common factor of o and 4.
4
Suppose p + 0*m = 3*m + 21, 5*m + 55 = 5*p. Calculate the greatest common divisor of p and 192.
6
Let g(t) = 2*t**2 + 4*t - 8. Let a be g(-4). Suppose 3*f = d + a - 2, -5*f = 4*d - 27. What is the greatest common divisor of f and 27?
3
Let y be 6/108 + 4318/36. What is the highest common divisor of 30 and y?
30
Let r be 4/6 - (-582)/(-9). Let v be (10/10)/((-2)/r). What is the highest common divisor of v and 80?
16
Suppose l - 8 = 4*n + 1, -n - 45 = -5*l. Let m be -4 + 1 - 132/(-2). What is the greatest common factor of m and l?
9
Let j be (-2)/(-3)*(7215/10)/13. Calculate the highest common divisor of 481 and j.
37
Suppose j + 33 = 413. Let d be j/7 - 4/14. Suppose 19*k = 16*k + d. What is the greatest common factor of k and 198?
18
Suppose 0 = u - 4*u - 207. Let b = u + 75. Calculate the greatest common factor of b and 66.
6
Let j be (96/(-60))/((-4)/140). What is the highest common divisor of j and 7?
7
Let n be (3 + -17)/2 - -1. Let k be (-3)/n*532/2. What is the highest common factor of 19 and k?
19
Let f(r) = -31*r - 44. Let n be f(-8). What is the greatest common divisor of 132 and n?
12
Suppose 16*n - 11*n = 1905. Suppose 4*m - n = 3. What is the greatest common divisor of m and 12?
12
Suppose -25*c + 24*c = -2. What is the highest common divisor of c and 2?
2
Suppose -89 = 9*x - 116. What is the greatest common divisor of x and 177?
3
Suppose -3*j = 2*j - 10. Suppose -3*r - n = -160, 64 = r + j*n + 14. Calculate the highest common factor of 6 and r.
6
Suppose -v + 334 = 3*h, 0*h + v = -5*h + 556. Suppose l = -h + 375. Suppose -6*u + l = -4*u. What is the highest common factor of 12 and u?
12
Let r = 158 - 74. What is the greatest common divisor of r and 154?
14
Let m(c) = -c + 10. Let q be m(8). Let y(w) = -3*w - 5. Let d be -6 - 1/((-3)/(-9)). Let x be y(d). Calculate the highest common divisor of q and x.
2
Let b(h) = -h. Let g(k) = -6*k + 16. Let d(u) = -4*b(u) + g(u). Let f be d(0). What is the greatest common divisor of f and 16?
16
Let m(s) = 11*s**2 + 2*s - 1. Let f be m(1). Let b = -34 - f. Let h = 70 + b. Calculate the greatest common divisor of h and 12.
12
Let s = 44 + 58. Let j(y) = 0*y + 5*y + 7 + 2*y**2 + 2*y + y. Let n be j(-5). Calculate the highest common factor of s and n.
17
Suppose 0 = i - k - 19, 0 = -k - k - 8. Suppose 0 = 18*d - 13*d - 1200. Suppose 3*x = 5*x - d. Calculate the highest common factor of x and i.
15
Suppose 5*x - 3178 = -2*c, 3*x - 11*c - 1905 = -14*c. What is the highest common divisor of x and 12?
12
Let a(y) = -40*y - 2. Let c be (88/20 + -4)*-5. Let k be a(c). Suppose -140 = -3*h + 4*n, h - n + 4*n - 64 = 0. Calculate the highest common factor of k and h.
26
Suppose 52 = 5*d - s + 5*s, 4*d - 56 = 4*s. Calculate the highest common divisor of d and 16.
4
Suppose -3*z + 21 = -a, -4*z - 2*a + 6*a + 20 = 0. Suppose -7*s = -3*s - 8. Calculate the highest common divisor of s and z.
2
Let d(y) = -y + 2. Let l be d(-1). Let m = 23 + 4. Let i = m - l. What is the highest common factor of 6 and i?
6
Let i be 2 + (4/2 - -2). Let g be (5 + -6)*(i - 1). Let v(u) = -4*u - 4. Let s be v(g). Calculate the highest common factor of 176 and s.
16
Suppose 2*m - 6*m + 4*p = -948, -1145 = -5*m - 3*p. What is the greatest common factor of m and 16?
8
Let k be (-434)/(-7) + (0 - -2). What is the greatest common divisor of 40 and k?
8
Let y = -26 - -51. Let l = 1122 + -659. Suppose -37 = -10*m + l. Calculate the highest common divisor of m and y.
25
Suppose 12 = 2*d + 2*d - 2*z, 3*d + 4*z = 20. Let m = 8 + -6. Suppose m*g + x - 2 - 88 = 0, -x + 180 = d*g. What is the greatest common divisor of 18 and g?
9
Suppose 0 = 5*d - 428 + 38. Let s = -68 + d. What is the highest common divisor of s and 25?
5
Let l be 11/22*-2*-25. Calculate the highest common factor of l and 55.
5
Suppose 0 = 5*n - 0*n - 60. Let c(j) = -j**3 + 14*j**2 - 14*j + 1. Let i be c(n). Let k be 63/6 - 1/(-2). Calculate the greatest common factor of i and k.
11
Suppose -3*m + 5 = 2. Let w be ((-13)/2 - m)*24/(-10). Let l = 4 - -2. What is the greatest common divisor of l and w?
6
Suppose -6 = -2*n + 28. Suppose 0 = 18*f - 3*f - 1020. What is the greatest common factor of n and f?
17
Let l(h) be the first derivative of -17*h**2/2 + 29*h - 21. Let m be l(-8). Calculate the greatest common divisor of m and 15.
15
Let r(d) be the first derivative of 5/2*d**2 + 4 + 4*d + d**3. Let y be r(-4). What is the greatest common factor of 4 and y?
4
Let s = -162 - -321. Calculate the greatest common factor of 3 and s.
3
Let z = 213 + -145. What is the highest common factor of 68 and z?
68
Let d be -1*78/(-18)*3. What is the greatest common factor of 3 and d?
1
Suppose 2*g - 76 = -4*u, 3*u - 17*g - 57 = -18*g. What is the highest common factor of u and 437?
19
Let k(x) = -x + 5. Let f be k(4). Let j(i) be the first derivative of 17*i**4/4 - 592. Let l be j(f). What is the greatest common factor of 17 and l?
17
Suppose 96 = 6*o - 2*o. Let b(t) = 9*t**2 + 17*t**3 + 2 - t**2 - 9*t**2 - 2*t. Let i be b(1). Calculate the highest common divisor of o and i.
8
Suppose -11*a = -8*a + 18. Let g be 6/(-1)*(-4)/a. Let j be (20/(-2) - -2)*g. What is the greatest common factor of j and 80?
16
Let d(x) = 2*x**2 + 28*x + 5. Let w(p) = -3*p**2 - 42*p - 8. Let q(o) = 8*d(o) + 5*w(o). Let l be q(-18). What is the greatest common divisor of l and 8?
8
Suppose -40 = -5*u - 55. 